{"id":2478,"date":"2025-01-21T12:17:39","date_gmt":"2025-01-21T11:17:39","guid":{"rendered":"https:\/\/www.schwarzwaldverein-waldbronn.eu\/EU\/?page_id=2478"},"modified":"2025-01-29T18:03:49","modified_gmt":"2025-01-29T17:03:49","slug":"familie-2","status":"publish","type":"page","link":"https:\/\/www.schwarzwaldverein-waldbronn.eu\/EU\/familie-2\/","title":{"rendered":"Familie"},"content":{"rendered":"<p><strong>26 November:<\/strong> Pflanzaktion Insektenfreundlicher Geh\u00f6lze und Fr\u00fchbl\u00fcher im Vereinsgarten in Kooperation mit &#8222;Projekt Artenvielfalt&#8220;<\/p>\n<p><img loading=\"lazy\" decoding=\"async\" class=\"alignnone size-medium wp-image-2485\" src=\"http:\/\/www.schwarzwaldverein-waldbronn.eu\/EU\/wp-content\/uploads\/2025\/01\/IMG20241125162251-225x300.jpg\" alt=\"\" width=\"225\" height=\"300\" srcset=\"https:\/\/www.schwarzwaldverein-waldbronn.eu\/EU\/wp-content\/uploads\/2025\/01\/IMG20241125162251-225x300.jpg 225w, https:\/\/www.schwarzwaldverein-waldbronn.eu\/EU\/wp-content\/uploads\/2025\/01\/IMG20241125162251.jpg 750w\" sizes=\"auto, (max-width: 225px) 100vw, 225px\" \/><\/p>\n<p><strong>26 Oktober:<\/strong> 1.SchwaN-Challenge Wanderung und Nachbereitung der &#8222;Buckelwanderung&#8220; am 03.November<\/p>\n<p>Ohne technische Hilfsmittel oder Routenplaner haben die Kinder (4-7 Jahre alt) eine Wanderung aufgezeichnet und durchgef\u00fchrt. Die Kinder haben zuerst die gro\u00dfe Wanderkarte kennengelernt und wir haben \u00fcber die Landschaftsmerkmale auf der Karte gesprochen. Nachdem wir auch Waldbronn auf der Karte gefunden haben, hat jedes Kind eine eigene Ausschnitt-Kopie der Landschaft n\u00f6rdlich von Waldbronn erhalten. Nachdem die Kinder die Landstra\u00dfe auf der Karte gefunden hatten, sind wir vom Freibad Richtung Rothenbuckel gelaufen. Dort habe ich den Kindern auf der vorbereiteten Skizze zwei Wege vorgeschlagen und ab da haben die Kinder sich abgesprochen und die Route vorgegeben. Bei jeder Weggabelung haben die Kinder Landschaftsmerkmale in die Skizze eingezeichnet und es wurde ein Foto gemacht. Im Nachgang haben wir mit den Kindern eine genauere Skizze erstellt, die Kilometer nachmessen und durch die Fotos die Stationen auf der Tour benannt.<\/p>\n<p><img loading=\"lazy\" decoding=\"async\" class=\"size-full wp-image-2503 alignnone\" src=\"http:\/\/www.schwarzwaldverein-waldbronn.eu\/EU\/wp-content\/uploads\/2025\/01\/SchwaN_1.Aufgabe_Collage_Wanderung.jpg\" alt=\"\" width=\"648\" height=\"1152\" srcset=\"https:\/\/www.schwarzwaldverein-waldbronn.eu\/EU\/wp-content\/uploads\/2025\/01\/SchwaN_1.Aufgabe_Collage_Wanderung.jpg 648w, https:\/\/www.schwarzwaldverein-waldbronn.eu\/EU\/wp-content\/uploads\/2025\/01\/SchwaN_1.Aufgabe_Collage_Wanderung-169x300.jpg 169w, https:\/\/www.schwarzwaldverein-waldbronn.eu\/EU\/wp-content\/uploads\/2025\/01\/SchwaN_1.Aufgabe_Collage_Wanderung-576x1024.jpg 576w\" sizes=\"auto, (max-width: 648px) 100vw, 648px\" \/><\/p>\n<p><img loading=\"lazy\" decoding=\"async\" class=\"alignnone size-full wp-image-2500\" src=\"http:\/\/www.schwarzwaldverein-waldbronn.eu\/EU\/wp-content\/uploads\/2025\/01\/Buckel.png\" alt=\"\" width=\"1126\" height=\"884\" srcset=\"https:\/\/www.schwarzwaldverein-waldbronn.eu\/EU\/wp-content\/uploads\/2025\/01\/Buckel.png 1126w, https:\/\/www.schwarzwaldverein-waldbronn.eu\/EU\/wp-content\/uploads\/2025\/01\/Buckel-300x236.png 300w, https:\/\/www.schwarzwaldverein-waldbronn.eu\/EU\/wp-content\/uploads\/2025\/01\/Buckel-1024x804.png 1024w, https:\/\/www.schwarzwaldverein-waldbronn.eu\/EU\/wp-content\/uploads\/2025\/01\/Buckel-768x603.png 768w\" sizes=\"auto, (max-width: 1126px) 100vw, 1126px\" \/><\/p>\n<p><strong>3 Oktober:<\/strong> Herbstfest mit Stockbrot und K\u00fcrbissuppe, Bastelaktionen mit St\u00f6cken schnitzen anmalen und dekorieren<\/p>\n<p><img loading=\"lazy\" decoding=\"async\" class=\"size-medium wp-image-2483 alignleft\" src=\"http:\/\/www.schwarzwaldverein-waldbronn.eu\/EU\/wp-content\/uploads\/2025\/01\/IMG20241003165948-225x300.jpg\" alt=\"\" width=\"225\" height=\"300\" srcset=\"https:\/\/www.schwarzwaldverein-waldbronn.eu\/EU\/wp-content\/uploads\/2025\/01\/IMG20241003165948-225x300.jpg 225w, https:\/\/www.schwarzwaldverein-waldbronn.eu\/EU\/wp-content\/uploads\/2025\/01\/IMG20241003165948.jpg 750w\" sizes=\"auto, (max-width: 225px) 100vw, 225px\" \/> <img loading=\"lazy\" decoding=\"async\" class=\"size-medium wp-image-2481 alignleft\" src=\"http:\/\/www.schwarzwaldverein-waldbronn.eu\/EU\/wp-content\/uploads\/2025\/01\/IMG20241003165821-225x300.jpg\" alt=\"\" width=\"225\" height=\"300\" srcset=\"https:\/\/www.schwarzwaldverein-waldbronn.eu\/EU\/wp-content\/uploads\/2025\/01\/IMG20241003165821-225x300.jpg 225w, https:\/\/www.schwarzwaldverein-waldbronn.eu\/EU\/wp-content\/uploads\/2025\/01\/IMG20241003165821.jpg 750w\" sizes=\"auto, (max-width: 225px) 100vw, 225px\" \/><\/p>\n<p><img loading=\"lazy\" decoding=\"async\" class=\"size-medium wp-image-2482 alignleft\" src=\"http:\/\/www.schwarzwaldverein-waldbronn.eu\/EU\/wp-content\/uploads\/2025\/01\/IMG20241003165837-300x225.jpg\" alt=\"\" width=\"300\" height=\"225\" srcset=\"https:\/\/www.schwarzwaldverein-waldbronn.eu\/EU\/wp-content\/uploads\/2025\/01\/IMG20241003165837-300x225.jpg 300w, https:\/\/www.schwarzwaldverein-waldbronn.eu\/EU\/wp-content\/uploads\/2025\/01\/IMG20241003165837-768x576.jpg 768w, https:\/\/www.schwarzwaldverein-waldbronn.eu\/EU\/wp-content\/uploads\/2025\/01\/IMG20241003165837-678x509.jpg 678w, https:\/\/www.schwarzwaldverein-waldbronn.eu\/EU\/wp-content\/uploads\/2025\/01\/IMG20241003165837-326x245.jpg 326w, https:\/\/www.schwarzwaldverein-waldbronn.eu\/EU\/wp-content\/uploads\/2025\/01\/IMG20241003165837-80x60.jpg 80w, https:\/\/www.schwarzwaldverein-waldbronn.eu\/EU\/wp-content\/uploads\/2025\/01\/IMG20241003165837.jpg 1000w\" sizes=\"auto, (max-width: 300px) 100vw, 300px\" \/><\/p>\n<p>&nbsp;<\/p>\n<p>&nbsp;<\/p>\n<p>&nbsp;<\/p>\n<p>&nbsp;<\/p>\n<p>&nbsp;<\/p>\n<p>&nbsp;<\/p>\n<p>&nbsp;<\/p>\n<p>&nbsp;<\/p>\n<p><strong>7 Juli:<\/strong> Sommersfest: Unsere erste Aktionen im Garten, Bastelaktionen: F\u00e4deln mit Bl\u00fcten, Nisthilfen und verschiede Spiele.<\/p>\n<p><img loading=\"lazy\" decoding=\"async\" class=\"size-medium wp-image-2480 alignleft\" src=\"http:\/\/www.schwarzwaldverein-waldbronn.eu\/EU\/wp-content\/uploads\/2025\/01\/IMG20240707152236-300x225.jpg\" alt=\"\" width=\"300\" height=\"225\" srcset=\"https:\/\/www.schwarzwaldverein-waldbronn.eu\/EU\/wp-content\/uploads\/2025\/01\/IMG20240707152236-300x225.jpg 300w, https:\/\/www.schwarzwaldverein-waldbronn.eu\/EU\/wp-content\/uploads\/2025\/01\/IMG20240707152236-768x576.jpg 768w, https:\/\/www.schwarzwaldverein-waldbronn.eu\/EU\/wp-content\/uploads\/2025\/01\/IMG20240707152236-678x509.jpg 678w, https:\/\/www.schwarzwaldverein-waldbronn.eu\/EU\/wp-content\/uploads\/2025\/01\/IMG20240707152236-326x245.jpg 326w, https:\/\/www.schwarzwaldverein-waldbronn.eu\/EU\/wp-content\/uploads\/2025\/01\/IMG20240707152236-80x60.jpg 80w, https:\/\/www.schwarzwaldverein-waldbronn.eu\/EU\/wp-content\/uploads\/2025\/01\/IMG20240707152236.jpg 1000w\" sizes=\"auto, (max-width: 300px) 100vw, 300px\" \/><img loading=\"lazy\" decoding=\"async\" class=\"size-medium wp-image-2479 alignleft\" src=\"http:\/\/www.schwarzwaldverein-waldbronn.eu\/EU\/wp-content\/uploads\/2025\/01\/IMG20240707120104-209x300.jpg\" alt=\"\" width=\"209\" height=\"300\" srcset=\"https:\/\/www.schwarzwaldverein-waldbronn.eu\/EU\/wp-content\/uploads\/2025\/01\/IMG20240707120104-209x300.jpg 209w, https:\/\/www.schwarzwaldverein-waldbronn.eu\/EU\/wp-content\/uploads\/2025\/01\/IMG20240707120104-712x1024.jpg 712w, https:\/\/www.schwarzwaldverein-waldbronn.eu\/EU\/wp-content\/uploads\/2025\/01\/IMG20240707120104-768x1105.jpg 768w, https:\/\/www.schwarzwaldverein-waldbronn.eu\/EU\/wp-content\/uploads\/2025\/01\/IMG20240707120104-1068x1536.jpg 1068w, https:\/\/www.schwarzwaldverein-waldbronn.eu\/EU\/wp-content\/uploads\/2025\/01\/IMG20240707120104.jpg 1337w\" sizes=\"auto, (max-width: 209px) 100vw, 209px\" \/><\/p>\n","protected":false},"excerpt":{"rendered":"<div class=\"mh-excerpt\"><p>26 November: Pflanzaktion Insektenfreundlicher Geh\u00f6lze und Fr\u00fchbl\u00fcher im Vereinsgarten in Kooperation mit &#8222;Projekt Artenvielfalt&#8220; 26 Oktober: 1.SchwaN-Challenge Wanderung und Nachbereitung der &#8222;Buckelwanderung&#8220; am 03.November Ohne technische Hilfsmittel oder Routenplaner haben die Kinder (4-7 Jahre alt) <a class=\"mh-excerpt-more\" href=\"https:\/\/www.schwarzwaldverein-waldbronn.eu\/EU\/familie-2\/\" title=\"Familie\">[&#8230;]<\/a><\/p>\n<\/div>","protected":false},"author":1,"featured_media":0,"parent":0,"menu_order":0,"comment_status":"closed","ping_status":"closed","template":"","meta":{"_price":"","_stock":"","_tribe_ticket_header":"","_tribe_default_ticket_provider":"","_ticket_start_date":"","_ticket_end_date":"","_tribe_ticket_show_description":"","_tribe_ticket_show_not_going":false,"_tribe_ticket_use_global_stock":"","_tribe_ticket_global_stock_level":"","_global_stock_mode":"","_global_stock_cap":"","_tribe_rsvp_for_event":"","_tribe_ticket_going_count":"","_tribe_ticket_not_going_count":"","_tribe_tickets_list":"[]","_tribe_ticket_has_attendee_info_fields":false,"footnotes":"","_tec_slr_enabled":"","_tec_slr_layout":""},"class_list":["post-2478","page","type-page","status-publish"],"ticketed":false,"_links":{"self":[{"href":"https:\/\/www.schwarzwaldverein-waldbronn.eu\/EU\/wp-json\/wp\/v2\/pages\/2478","targetHints":{"allow":["GET"]}}],"collection":[{"href":"https:\/\/www.schwarzwaldverein-waldbronn.eu\/EU\/wp-json\/wp\/v2\/pages"}],"about":[{"href":"https:\/\/www.schwarzwaldverein-waldbronn.eu\/EU\/wp-json\/wp\/v2\/types\/page"}],"author":[{"embeddable":true,"href":"https:\/\/www.schwarzwaldverein-waldbronn.eu\/EU\/wp-json\/wp\/v2\/users\/1"}],"replies":[{"embeddable":true,"href":"https:\/\/www.schwarzwaldverein-waldbronn.eu\/EU\/wp-json\/wp\/v2\/comments?post=2478"}],"version-history":[{"count":11,"href":"https:\/\/www.schwarzwaldverein-waldbronn.eu\/EU\/wp-json\/wp\/v2\/pages\/2478\/revisions"}],"predecessor-version":[{"id":2508,"href":"https:\/\/www.schwarzwaldverein-waldbronn.eu\/EU\/wp-json\/wp\/v2\/pages\/2478\/revisions\/2508"}],"wp:attachment":[{"href":"https:\/\/www.schwarzwaldverein-waldbronn.eu\/EU\/wp-json\/wp\/v2\/media?parent=2478"}],"curies":[{"name":"wp","href":"https:\/\/api.w.org\/{rel}","templated":true}]}}

<p><strong>26 November:</strong> Pflanzaktion Insektenfreundlicher Gehölze und Frühblüher im Vereinsgarten in Kooperation mit &#8222;Projekt Artenvielfalt&#8220;</p>
<p><img loading="lazy" decoding="async" class="alignnone size-medium wp-image-2485" src="http://www.schwarzwaldverein-waldbronn.eu/EU/wp-content/uploads/2025/01/IMG20241125162251-225x300.jpg" alt="" width="225" height="300" srcset="https://www.schwarzwaldverein-waldbronn.eu/EU/wp-content/uploads/2025/01/IMG20241125162251-225x300.jpg 225w, https://www.schwarzwaldverein-waldbronn.eu/EU/wp-content/uploads/2025/01/IMG20241125162251.jpg 750w" sizes="auto, (max-width: 225px) 100vw, 225px" /></p>
<p><strong>26 Oktober:</strong> 1.SchwaN-Challenge Wanderung und Nachbereitung der &#8222;Buckelwanderung&#8220; am 03.November</p>
<p>Ohne technische Hilfsmittel oder Routenplaner haben die Kinder (4-7 Jahre alt) eine Wanderung aufgezeichnet und durchgeführt. Die Kinder haben zuerst die große Wanderkarte kennengelernt und wir haben über die Landschaftsmerkmale auf der Karte gesprochen. Nachdem wir auch Waldbronn auf der Karte gefunden haben, hat jedes Kind eine eigene Ausschnitt-Kopie der Landschaft nördlich von Waldbronn erhalten. Nachdem die Kinder die Landstraße auf der Karte gefunden hatten, sind wir vom Freibad Richtung Rothenbuckel gelaufen. Dort habe ich den Kindern auf der vorbereiteten Skizze zwei Wege vorgeschlagen und ab da haben die Kinder sich abgesprochen und die Route vorgegeben. Bei jeder Weggabelung haben die Kinder Landschaftsmerkmale in die Skizze eingezeichnet und es wurde ein Foto gemacht. Im Nachgang haben wir mit den Kindern eine genauere Skizze erstellt, die Kilometer nachmessen und durch die Fotos die Stationen auf der Tour benannt.</p>
<p><img loading="lazy" decoding="async" class="size-full wp-image-2503 alignnone" src="http://www.schwarzwaldverein-waldbronn.eu/EU/wp-content/uploads/2025/01/SchwaN_1.Aufgabe_Collage_Wanderung.jpg" alt="" width="648" height="1152" srcset="https://www.schwarzwaldverein-waldbronn.eu/EU/wp-content/uploads/2025/01/SchwaN_1.Aufgabe_Collage_Wanderung.jpg 648w, https://www.schwarzwaldverein-waldbronn.eu/EU/wp-content/uploads/2025/01/SchwaN_1.Aufgabe_Collage_Wanderung-169x300.jpg 169w, https://www.schwarzwaldverein-waldbronn.eu/EU/wp-content/uploads/2025/01/SchwaN_1.Aufgabe_Collage_Wanderung-576x1024.jpg 576w" sizes="auto, (max-width: 648px) 100vw, 648px" /></p>
<p><img loading="lazy" decoding="async" class="alignnone size-full wp-image-2500" src="http://www.schwarzwaldverein-waldbronn.eu/EU/wp-content/uploads/2025/01/Buckel.png" alt="" width="1126" height="884" srcset="https://www.schwarzwaldverein-waldbronn.eu/EU/wp-content/uploads/2025/01/Buckel.png 1126w, https://www.schwarzwaldverein-waldbronn.eu/EU/wp-content/uploads/2025/01/Buckel-300x236.png 300w, https://www.schwarzwaldverein-waldbronn.eu/EU/wp-content/uploads/2025/01/Buckel-1024x804.png 1024w, https://www.schwarzwaldverein-waldbronn.eu/EU/wp-content/uploads/2025/01/Buckel-768x603.png 768w" sizes="auto, (max-width: 1126px) 100vw, 1126px" /></p>
<p><strong>3 Oktober:</strong> Herbstfest mit Stockbrot und Kürbissuppe, Bastelaktionen mit Stöcken schnitzen anmalen und dekorieren</p>
<p><img loading="lazy" decoding="async" class="size-medium wp-image-2483 alignleft" src="http://www.schwarzwaldverein-waldbronn.eu/EU/wp-content/uploads/2025/01/IMG20241003165948-225x300.jpg" alt="" width="225" height="300" srcset="https://www.schwarzwaldverein-waldbronn.eu/EU/wp-content/uploads/2025/01/IMG20241003165948-225x300.jpg 225w, https://www.schwarzwaldverein-waldbronn.eu/EU/wp-content/uploads/2025/01/IMG20241003165948.jpg 750w" sizes="auto, (max-width: 225px) 100vw, 225px" /> <img loading="lazy" decoding="async" class="size-medium wp-image-2481 alignleft" src="http://www.schwarzwaldverein-waldbronn.eu/EU/wp-content/uploads/2025/01/IMG20241003165821-225x300.jpg" alt="" width="225" height="300" srcset="https://www.schwarzwaldverein-waldbronn.eu/EU/wp-content/uploads/2025/01/IMG20241003165821-225x300.jpg 225w, https://www.schwarzwaldverein-waldbronn.eu/EU/wp-content/uploads/2025/01/IMG20241003165821.jpg 750w" sizes="auto, (max-width: 225px) 100vw, 225px" /></p>
<p><img loading="lazy" decoding="async" class="size-medium wp-image-2482 alignleft" src="http://www.schwarzwaldverein-waldbronn.eu/EU/wp-content/uploads/2025/01/IMG20241003165837-300x225.jpg" alt="" width="300" height="225" srcset="https://www.schwarzwaldverein-waldbronn.eu/EU/wp-content/uploads/2025/01/IMG20241003165837-300x225.jpg 300w, https://www.schwarzwaldverein-waldbronn.eu/EU/wp-content/uploads/2025/01/IMG20241003165837-768x576.jpg 768w, https://www.schwarzwaldverein-waldbronn.eu/EU/wp-content/uploads/2025/01/IMG20241003165837-678x509.jpg 678w, https://www.schwarzwaldverein-waldbronn.eu/EU/wp-content/uploads/2025/01/IMG20241003165837-326x245.jpg 326w, https://www.schwarzwaldverein-waldbronn.eu/EU/wp-content/uploads/2025/01/IMG20241003165837-80x60.jpg 80w, https://www.schwarzwaldverein-waldbronn.eu/EU/wp-content/uploads/2025/01/IMG20241003165837.jpg 1000w" sizes="auto, (max-width: 300px) 100vw, 300px" /></p>
<p>&nbsp;</p>
<p>&nbsp;</p>
<p>&nbsp;</p>
<p>&nbsp;</p>
<p>&nbsp;</p>
<p>&nbsp;</p>
<p>&nbsp;</p>
<p>&nbsp;</p>
<p><strong>7 Juli:</strong> Sommersfest: Unsere erste Aktionen im Garten, Bastelaktionen: Fädeln mit Blüten, Nisthilfen und verschiede Spiele.</p>
<p><img loading="lazy" decoding="async" class="size-medium wp-image-2480 alignleft" src="http://www.schwarzwaldverein-waldbronn.eu/EU/wp-content/uploads/2025/01/IMG20240707152236-300x225.jpg" alt="" width="300" height="225" srcset="https://www.schwarzwaldverein-waldbronn.eu/EU/wp-content/uploads/2025/01/IMG20240707152236-300x225.jpg 300w, https://www.schwarzwaldverein-waldbronn.eu/EU/wp-content/uploads/2025/01/IMG20240707152236-768x576.jpg 768w, https://www.schwarzwaldverein-waldbronn.eu/EU/wp-content/uploads/2025/01/IMG20240707152236-678x509.jpg 678w, https://www.schwarzwaldverein-waldbronn.eu/EU/wp-content/uploads/2025/01/IMG20240707152236-326x245.jpg 326w, https://www.schwarzwaldverein-waldbronn.eu/EU/wp-content/uploads/2025/01/IMG20240707152236-80x60.jpg 80w, https://www.schwarzwaldverein-waldbronn.eu/EU/wp-content/uploads/2025/01/IMG20240707152236.jpg 1000w" sizes="auto, (max-width: 300px) 100vw, 300px" /><img loading="lazy" decoding="async" class="size-medium wp-image-2479 alignleft" src="http://www.schwarzwaldverein-waldbronn.eu/EU/wp-content/uploads/2025/01/IMG20240707120104-209x300.jpg" alt="" width="209" height="300" srcset="https://www.schwarzwaldverein-waldbronn.eu/EU/wp-content/uploads/2025/01/IMG20240707120104-209x300.jpg 209w, https://www.schwarzwaldverein-waldbronn.eu/EU/wp-content/uploads/2025/01/IMG20240707120104-712x1024.jpg 712w, https://www.schwarzwaldverein-waldbronn.eu/EU/wp-content/uploads/2025/01/IMG20240707120104-768x1105.jpg 768w, https://www.schwarzwaldverein-waldbronn.eu/EU/wp-content/uploads/2025/01/IMG20240707120104-1068x1536.jpg 1068w, https://www.schwarzwaldverein-waldbronn.eu/EU/wp-content/uploads/2025/01/IMG20240707120104.jpg 1337w" sizes="auto, (max-width: 209px) 100vw, 209px" /></p>

<div class="mh-excerpt"><p>26 November: Pflanzaktion Insektenfreundlicher Gehölze und Frühblüher im Vereinsgarten in Kooperation mit &#8222;Projekt Artenvielfalt&#8220; 26 Oktober: 1.SchwaN-Challenge Wanderung und Nachbereitung der &#8222;Buckelwanderung&#8220; am 03.November Ohne technische Hilfsmittel oder Routenplaner haben die Kinder (4-7 Jahre alt) <a class="mh-excerpt-more" href="https://www.schwarzwaldverein-waldbronn.eu/EU/familie-2/" title="Familie">[&#8230;]</a></p>
</div>
