{"id":2712,"date":"2026-01-19T14:01:03","date_gmt":"2026-01-19T13:01:03","guid":{"rendered":"https:\/\/www.schwarzwaldverein-waldbronn.eu\/EU\/?post_type=tribe_events&#038;p=2712"},"modified":"2026-01-19T14:01:03","modified_gmt":"2026-01-19T13:01:03","slug":"mi-29-april-mittwochstreff","status":"publish","type":"tribe_events","link":"https:\/\/www.schwarzwaldverein-waldbronn.eu\/EU\/event\/mi-29-april-mittwochstreff\/","title":{"rendered":"Mi 29. April Mittwochstreff"},"content":{"rendered":"<p>Mi 29. April Mittwochstreff<br \/>\nTreffpunkt: Ab 15.00 Uhr im Wanderheim zu einer<br \/>\ngeselligen Kaffeerunde,<br \/>\n16.00 Uhr Bildervortrag<br \/>\nWanderung auf dem GR53 durch die<br \/>\nNord- und S\u00fcdvogesen<br \/>\nDer Vortrag ist in zwei Teile zu je 45 Minuten<br \/>\ngegliedert (dazwischen ist eine Vesperpause<br \/>\nvorgesehen).<br \/>\nDer erste Teil der Wanderung auf dem<br \/>\nGR53 durch die Nordvogesen von Wissembourg<br \/>\nf\u00fchrt \u00fcber Saverne, den Grand Donon bis nach<br \/>\nSchirmeck.<br \/>\nDie H\u00f6hepunkte im Nordteil sind:<br \/>\nDie vielen Felsenburgen und die bizarren<br \/>\nSandstein-Felsformationen.<br \/>\nDer zweite Teil der Tour auf dem GR53 f\u00fchrt<br \/>\ndurch die S\u00fcdvogesen, \u00fcber den Mont St.-Odile,<br \/>\nentlang der els\u00e4ssischen Weinstra\u00dfe, sp\u00e4ter auf<br \/>\ndem Vogesenkammweg zum Grand Ballon,<br \/>\nbis nach Thann.<br \/>\nIm S\u00fcdteil der Tour sind es die sch\u00f6nen<br \/>\nAusblicke von den Hochvogesen und die<br \/>\nGrindenlandschaften, die gem\u00fctlichen<br \/>\nBergbauerh\u00f6fe (Ferme Auberges) zum<br \/>\nEinkehren, die diesen Weg interessant machen.<br \/>\nReferent: Claus Anderer<\/p>\n","protected":false},"excerpt":{"rendered":"<div class=\"mh-excerpt\"><p>Mi 29. April Mittwochstreff Treffpunkt: Ab 15.00 Uhr im Wanderheim zu einer geselligen Kaffeerunde, 16.00 Uhr Bildervortrag Wanderung auf dem GR53 durch die Nord- und S\u00fcdvogesen Der Vortrag ist in zwei Teile zu je 45 <a class=\"mh-excerpt-more\" href=\"https:\/\/www.schwarzwaldverein-waldbronn.eu\/EU\/event\/mi-29-april-mittwochstreff\/\" title=\"Mi 29. April Mittwochstreff\">[&#8230;]<\/a><\/p>\n<\/div>","protected":false},"author":1,"featured_media":0,"template":"","meta":{"_price":"","_stock":"","_tribe_ticket_header":"","_tribe_default_ticket_provider":"","_ticket_start_date":"","_ticket_end_date":"","_tribe_ticket_show_description":"","_tribe_ticket_show_not_going":false,"_tribe_ticket_use_global_stock":"","_tribe_ticket_global_stock_level":"","_global_stock_mode":"","_global_stock_cap":"","_tribe_rsvp_for_event":"","_tribe_ticket_going_count":"","_tribe_ticket_not_going_count":"","_tribe_tickets_list":"[]","_tribe_ticket_has_attendee_info_fields":false,"_tribe_events_status":"","_tribe_events_status_reason":"","footnotes":"","_tec_slr_enabled":"","_tec_slr_layout":""},"tags":[],"tribe_events_cat":[],"class_list":["post-2712","tribe_events","type-tribe_events","status-publish"],"ticketed":false,"_links":{"self":[{"href":"https:\/\/www.schwarzwaldverein-waldbronn.eu\/EU\/wp-json\/wp\/v2\/tribe_events\/2712","targetHints":{"allow":["GET"]}}],"collection":[{"href":"https:\/\/www.schwarzwaldverein-waldbronn.eu\/EU\/wp-json\/wp\/v2\/tribe_events"}],"about":[{"href":"https:\/\/www.schwarzwaldverein-waldbronn.eu\/EU\/wp-json\/wp\/v2\/types\/tribe_events"}],"author":[{"embeddable":true,"href":"https:\/\/www.schwarzwaldverein-waldbronn.eu\/EU\/wp-json\/wp\/v2\/users\/1"}],"version-history":[{"count":1,"href":"https:\/\/www.schwarzwaldverein-waldbronn.eu\/EU\/wp-json\/wp\/v2\/tribe_events\/2712\/revisions"}],"predecessor-version":[{"id":2713,"href":"https:\/\/www.schwarzwaldverein-waldbronn.eu\/EU\/wp-json\/wp\/v2\/tribe_events\/2712\/revisions\/2713"}],"wp:attachment":[{"href":"https:\/\/www.schwarzwaldverein-waldbronn.eu\/EU\/wp-json\/wp\/v2\/media?parent=2712"}],"wp:term":[{"taxonomy":"post_tag","embeddable":true,"href":"https:\/\/www.schwarzwaldverein-waldbronn.eu\/EU\/wp-json\/wp\/v2\/tags?post=2712"},{"taxonomy":"tribe_events_cat","embeddable":true,"href":"https:\/\/www.schwarzwaldverein-waldbronn.eu\/EU\/wp-json\/wp\/v2\/tribe_events_cat?post=2712"}],"curies":[{"name":"wp","href":"https:\/\/api.w.org\/{rel}","templated":true}]}}

<p>Mi 29. April Mittwochstreff<br />
Treffpunkt: Ab 15.00 Uhr im Wanderheim zu einer<br />
geselligen Kaffeerunde,<br />
16.00 Uhr Bildervortrag<br />
Wanderung auf dem GR53 durch die<br />
Nord- und Südvogesen<br />
Der Vortrag ist in zwei Teile zu je 45 Minuten<br />
gegliedert (dazwischen ist eine Vesperpause<br />
vorgesehen).<br />
Der erste Teil der Wanderung auf dem<br />
GR53 durch die Nordvogesen von Wissembourg<br />
führt über Saverne, den Grand Donon bis nach<br />
Schirmeck.<br />
Die Höhepunkte im Nordteil sind:<br />
Die vielen Felsenburgen und die bizarren<br />
Sandstein-Felsformationen.<br />
Der zweite Teil der Tour auf dem GR53 führt<br />
durch die Südvogesen, über den Mont St.-Odile,<br />
entlang der elsässischen Weinstraße, später auf<br />
dem Vogesenkammweg zum Grand Ballon,<br />
bis nach Thann.<br />
Im Südteil der Tour sind es die schönen<br />
Ausblicke von den Hochvogesen und die<br />
Grindenlandschaften, die gemütlichen<br />
Bergbauerhöfe (Ferme Auberges) zum<br />
Einkehren, die diesen Weg interessant machen.<br />
Referent: Claus Anderer</p>

<div class="mh-excerpt"><p>Mi 29. April Mittwochstreff Treffpunkt: Ab 15.00 Uhr im Wanderheim zu einer geselligen Kaffeerunde, 16.00 Uhr Bildervortrag Wanderung auf dem GR53 durch die Nord- und Südvogesen Der Vortrag ist in zwei Teile zu je 45 <a class="mh-excerpt-more" href="https://www.schwarzwaldverein-waldbronn.eu/EU/event/mi-29-april-mittwochstreff/" title="Mi 29. April Mittwochstreff">[&#8230;]</a></p>
</div>
