{"id":2718,"date":"2026-01-19T14:05:37","date_gmt":"2026-01-19T13:05:37","guid":{"rendered":"https:\/\/www.schwarzwaldverein-waldbronn.eu\/EU\/?post_type=tribe_events&#038;p=2718"},"modified":"2026-01-19T14:05:37","modified_gmt":"2026-01-19T13:05:37","slug":"mi-20-mai-mittwochstreff","status":"publish","type":"tribe_events","link":"https:\/\/www.schwarzwaldverein-waldbronn.eu\/EU\/event\/mi-20-mai-mittwochstreff\/","title":{"rendered":"Mi 20. Mai Mittwochstreff"},"content":{"rendered":"<p>Mi 20. Mai Mittwochstreff<br \/>\nTreffpunkt: ab 15.00 Uhr im Wanderheim zu einer<br \/>\ngeselligen Kaffeerunde,<br \/>\n16.00 Uhr Bildervortrag Vulkane Mexikos<br \/>\nMexiko lockt mit vielen Kultursch\u00e4tzen. Da sind die<br \/>\nSt\u00e4dte wie Mexiko City, die Kultst\u00e4tte Teotihuacan,<br \/>\nTaxco, Oaxaca, in den Bergen der Sierra Madre<br \/>\nsowie die Zapoteken Kultst\u00e4tte Alban und Puebla.<br \/>\nEin weiteres Erlebnis ist die Besteigung der<br \/>\nber\u00fchmtesten Vulkane Mexikos, dem Ajusco mit<br \/>\n3.945 m, dem Toluca mit 4.690 m, dem Iztacchihuatl<br \/>\nmit 5.286 m und dem h\u00f6chsten Vulkan Mexikos,<br \/>\ndem Pico de Orizaba mit 5.700 m.<br \/>\nKultur und Natur machen diese Reise zu einem<br \/>\nunvergesslichen Erlebnis.<br \/>\nReferentin: Monika Weber<\/p>\n","protected":false},"excerpt":{"rendered":"<div class=\"mh-excerpt\"><p>Mi 20. Mai Mittwochstreff Treffpunkt: ab 15.00 Uhr im Wanderheim zu einer geselligen Kaffeerunde, 16.00 Uhr Bildervortrag Vulkane Mexikos Mexiko lockt mit vielen Kultursch\u00e4tzen. Da sind die St\u00e4dte wie Mexiko City, die Kultst\u00e4tte Teotihuacan, Taxco, <a class=\"mh-excerpt-more\" href=\"https:\/\/www.schwarzwaldverein-waldbronn.eu\/EU\/event\/mi-20-mai-mittwochstreff\/\" title=\"Mi 20. Mai Mittwochstreff\">[&#8230;]<\/a><\/p>\n<\/div>","protected":false},"author":1,"featured_media":0,"template":"","meta":{"_price":"","_stock":"","_tribe_ticket_header":"","_tribe_default_ticket_provider":"","_ticket_start_date":"","_ticket_end_date":"","_tribe_ticket_show_description":"","_tribe_ticket_show_not_going":false,"_tribe_ticket_use_global_stock":"","_tribe_ticket_global_stock_level":"","_global_stock_mode":"","_global_stock_cap":"","_tribe_rsvp_for_event":"","_tribe_ticket_going_count":"","_tribe_ticket_not_going_count":"","_tribe_tickets_list":"[]","_tribe_ticket_has_attendee_info_fields":false,"_tribe_events_status":"","_tribe_events_status_reason":"","footnotes":"","_tec_slr_enabled":"","_tec_slr_layout":""},"tags":[],"tribe_events_cat":[],"class_list":["post-2718","tribe_events","type-tribe_events","status-publish"],"ticketed":false,"_links":{"self":[{"href":"https:\/\/www.schwarzwaldverein-waldbronn.eu\/EU\/wp-json\/wp\/v2\/tribe_events\/2718","targetHints":{"allow":["GET"]}}],"collection":[{"href":"https:\/\/www.schwarzwaldverein-waldbronn.eu\/EU\/wp-json\/wp\/v2\/tribe_events"}],"about":[{"href":"https:\/\/www.schwarzwaldverein-waldbronn.eu\/EU\/wp-json\/wp\/v2\/types\/tribe_events"}],"author":[{"embeddable":true,"href":"https:\/\/www.schwarzwaldverein-waldbronn.eu\/EU\/wp-json\/wp\/v2\/users\/1"}],"version-history":[{"count":1,"href":"https:\/\/www.schwarzwaldverein-waldbronn.eu\/EU\/wp-json\/wp\/v2\/tribe_events\/2718\/revisions"}],"predecessor-version":[{"id":2719,"href":"https:\/\/www.schwarzwaldverein-waldbronn.eu\/EU\/wp-json\/wp\/v2\/tribe_events\/2718\/revisions\/2719"}],"wp:attachment":[{"href":"https:\/\/www.schwarzwaldverein-waldbronn.eu\/EU\/wp-json\/wp\/v2\/media?parent=2718"}],"wp:term":[{"taxonomy":"post_tag","embeddable":true,"href":"https:\/\/www.schwarzwaldverein-waldbronn.eu\/EU\/wp-json\/wp\/v2\/tags?post=2718"},{"taxonomy":"tribe_events_cat","embeddable":true,"href":"https:\/\/www.schwarzwaldverein-waldbronn.eu\/EU\/wp-json\/wp\/v2\/tribe_events_cat?post=2718"}],"curies":[{"name":"wp","href":"https:\/\/api.w.org\/{rel}","templated":true}]}}

<p>Mi 20. Mai Mittwochstreff<br />
Treffpunkt: ab 15.00 Uhr im Wanderheim zu einer<br />
geselligen Kaffeerunde,<br />
16.00 Uhr Bildervortrag Vulkane Mexikos<br />
Mexiko lockt mit vielen Kulturschätzen. Da sind die<br />
Städte wie Mexiko City, die Kultstätte Teotihuacan,<br />
Taxco, Oaxaca, in den Bergen der Sierra Madre<br />
sowie die Zapoteken Kultstätte Alban und Puebla.<br />
Ein weiteres Erlebnis ist die Besteigung der<br />
berühmtesten Vulkane Mexikos, dem Ajusco mit<br />
3.945 m, dem Toluca mit 4.690 m, dem Iztacchihuatl<br />
mit 5.286 m und dem höchsten Vulkan Mexikos,<br />
dem Pico de Orizaba mit 5.700 m.<br />
Kultur und Natur machen diese Reise zu einem<br />
unvergesslichen Erlebnis.<br />
Referentin: Monika Weber</p>

<div class="mh-excerpt"><p>Mi 20. Mai Mittwochstreff Treffpunkt: ab 15.00 Uhr im Wanderheim zu einer geselligen Kaffeerunde, 16.00 Uhr Bildervortrag Vulkane Mexikos Mexiko lockt mit vielen Kulturschätzen. Da sind die Städte wie Mexiko City, die Kultstätte Teotihuacan, Taxco, <a class="mh-excerpt-more" href="https://www.schwarzwaldverein-waldbronn.eu/EU/event/mi-20-mai-mittwochstreff/" title="Mi 20. Mai Mittwochstreff">[&#8230;]</a></p>
</div>
